z(13) is divided by 43.
41
Calculate the remainder when 35 is divided by (-2 + 1)/(-2) - (-598)/52.
11
Suppose -5*p = -22*r + 24*r - 379, 2*p - 154 = -2*r. Calculate the remainder when 435 is divided by p.
60
Calculate the remainder when 403 is divided by (-1148)/(-9) - 104/(-234).
19
Let q = 366 + -76. What is the remainder when q is divided by 74?
68
Let i(c) = 2*c**3 - 10*c**2 - 17*c - 2. Let v(y) = 3*y**3 - 20*y**2 - 34*y - 4. Let r(p) = -5*i(p) + 3*v(p). What is the remainder when 113 is divided by r(-8)?
5
Let w(v) = v**2 - v - 6. Let n be w(6). Let a = 26 - n. Suppose -a*h - 3*i - 15 = -3*h, -78 = -4*h + 3*i. Calculate the remainder when 82 is divided by h.
19
Let l = 36 - 3. What is the remainder when 108 is divided by l?
9
Let k(p) = -p**3 + 5*p**2 + 21*p + 2. Calculate the remainder when 247 is divided by k(7).
43
Let v be (0 - -4) + (1 + -5 - 7). Suppose 5*s - 5 = 0, -4*s = -4*b + 128 + 100. Calculate the remainder when b is divided by 40/(v/(-14)*4).
18
Let w(o) = -36*o. Calculate the remainder when w(-1) is divided by (4/(-6))/(-2) - 1900/(-150).
10
Suppose 3*v + 306 = -0*v. Let x = -71 - v. What is the remainder when 182 is divided by x?
27
Let p(x) = 12*x - 3. Let f be p(-1). What is the remainder when 10 is divided by f/3*2*2/(-5)?
2
Let k be -27*(1 + 1 + 2 + -1). Let i = k + 114. What is the remainder when i is divided by 12?
9
Suppose 4*l - 56 = 4*m, 0*m + m + 56 = 4*l. Suppose 36 - 660 = -16*f. What is the remainder when f is divided by l?
11
Suppose 72 = -3*g + u, -u + 5*u - 13 = g. Let o = g - -53. What is the remainder when (82/3)/((-6)/(-18)) is divided by o?
26
Let y = 57 + -19. Let g = y + 29. Calculate the remainder when g is divided by 35.
32
Let n(b) = -7*b - 11. Let q be n(-7). Let s = 30 - q. Let d = s - -79. What is the remainder when d is divided by 36?
35
Let a(s) = 3*s - 3. Let v(t) be the third derivative of -t**5/60 - 3*t**4/8 + t**3/2 + 16*t**2. Calculate the remainder when v(-3) is divided by a(5).
9
Let q = 88 + -61. Suppose -4*k - 2*d = 730, 5*k + 5*d + 1505 = 600. Let a = k - -262. Calculate the remainder when a is divided by q.
24
Suppose -4*u + 1468 = 4*s, -138*s = -137*s + 4. Calculate the remainder when u is divided by 38.
29
Let q be 1*-1*(-7 + 225). Let t = q + 313. What is the remainder when t is divided by 49?
46
Let s = 27 + 8. Suppose -2*d + 172 = -0*d + 2*i, 0 = -d - 5*i + 90. Suppose 12*o - 59 = d. What is the remainder when s is divided by o?
11
What is the remainder when 61 is divided by -9*(-136)/60 + (-6)/(-10)?
19
Suppose 128*c - 21640 = 25848. Calculate the remainder when c is divided by 11.
8
Let l be 49/(-21)*9*2. Let d = 80 + l. Calculate the remainder when d is divided by 14.
10
Let c(g) = -g**2 + 5*g + 2. Let v be c(4). Suppose -d + v = 2. Suppose 6*n + s = d*n + 49, 3*s - 32 = -n. What is the remainder when n is divided by 6?
5
Suppose -3 = d - 2. What is the remainder when 11 is divided by d/(-3) - (-136)/24?
5
Let k be ((-9)/(-6) - 2)*-4. Suppose 0 = a - k*a + 3. Let g = 242 + -241. What is the remainder when a is divided by g?
0
Let d(c) = c**2 + 6*c + 9. Let g = 1 - 9. What is the remainder when d(g) is divided by 7?
4
Suppose -9176 - 70924 = -89*j. Calculate the remainder when j is divided by 53.
52
Suppose -152 = -3*w - i, -2*w = -3*w - 2*i + 59. Let s = -27 - -40. Calculate the remainder when w is divided by s.
10
Let n be -3*2/(-3) + 2. Suppose -n*j + 1 = -7, -4*j = -s + 26. Suppose -5*x + s = 3*f, -4*f = -2*x + 3 - 5. What is the remainder when 18 is divided by x?
3
Suppose 551 = 5*m - 19. Suppose 4*j = 3*q - 0*q + 148, -3*j + m = -3*q. Calculate the remainder when j is divided by 7.
6
Suppose -3*w - 3 = -4*w. Suppose 0*q + w*q = 78. Calculate the remainder when 102 is divided by q.
24
Suppose -7*h = -419 + 244. Calculate the remainder when 30 is divided by h.
5
Suppose 3*q = 65 - 20. Suppose -706 = 2*w - 3*w. Suppose 8*f - w + 234 = 0. Calculate the remainder when f is divided by q.
14
Suppose 2*i - 3*f = -2*i + 80, i - 4*f = 7. What is the remainder when ((-162)/2025 - (-4448)/(-25))/((-4)/2) is divided by i?
20
Suppose 32*y = 1020 - 28. What is the remainder when 83 is divided by y?
21
Let c(a) = -3*a**3 + a**2 + 3*a + 1. Suppose -5*r - 4*x + 60 = 0, 20 = r - 5*x + 8. What is the remainder when c(-2) is divided by r?
11
What is the remainder when -5 - (4 + -2 - (47 + 4)) is divided by (2 + 1)/(1/5)?
14
Let d(b) = -37*b - 10. Let x be d(-5). Suppose 0 = -3*s - 2*s + x. What is the remainder when s is divided by 13/((-3)/(-5) - (-4)/10)?
9
Suppose 3*n + 0*r + 2*r + 1418 = 0, -4*n + 4*r - 1904 = 0. Calculate the remainder when 2/(-7) - n/42 is divided by 5.
1
Let t = -373 - -420. What is the remainder when 985 is divided by t?
45
Suppose 11 = -m - 3*g + 35, m - 4*g - 3 = 0. Let k = -67 + 141. Calculate the remainder when k is divided by m.
14
Suppose 0 = 8*w - w - 77. Let b(j) = -5*j**2 - 7*j - 35. Let v(g) = g**2 + g - 1. Let x(q) = -b(q) - 6*v(q). What is the remainder when x(0) is divided by w?
8
Let c(u) = u**3 - 4*u**2 - 4*u + 1. Let w be c(5). Suppose -5*d - m + 96 = 0, -4*d + 3*m = w*m - 79. Calculate the remainder when 54 is divided by d.
16
Let m(i) = 13*i - 173. Calculate the remainder when 58 is divided by m(14).
4
Let q(y) = y**2 - 6*y - 11. Let b = 31 + -23. What is the remainder when 11 is divided by q(b)?
1
Let l = -96 + 161. Let z = 500 + -322. Suppose -42 = -20*i + z. Calculate the remainder when l is divided by i.
10
Suppose -14*j + 332 - 44 = 22*j. Suppose 15 = -2*c + 73. What is the remainder when c is divided by j?
5
Let d(u) = 7*u**2 - 3*u - 2. Let w be d(-3). Suppose 5*n = -0*n + w. What is the remainder when 55 is divided by n?
13
Let q(c) = c**3 + 6*c**2 - 3*c - 1. Suppose 2*d = -8*k + 7*k + 96, -48 = -d + 4*k. What is the remainder when d is divided by q(-6)?
14
Let d = -17 - -38. Let v = d + -7. Calculate the remainder when 53 is divided by v.
11
Let m = -1769 + 1787. What is the remainder when 90 is divided by m?
0
What is the remainder when 4*(-7 + (-3501)/(-36)) is divided by 117?
10
Suppose -37*y - 44 = -192. Let z(i) be the second derivative of -2*i**3/3 + 3*i**2/2 - i. Calculate the remainder when z(-3) is divided by y.
3
Let k(d) = -d**3 - 27*d**2 + 21*d + 34. What is the remainder when k(-28) is divided by 39?
35
Let r(i) = 11*i - 12. Let l be r(-3). Let a = l - -72. What is the remainder when a is divided by 7?
6
Let f(i) = 4*i**2 - 4*i - 3. Suppose 0 = -2*k + 2*s + 2, 3*s - 11 = 1. Suppose t - 20 = -5*g - 0*g, 0 = g. Calculate the remainder when f(k) is divided by t.
17
Suppose -9956 = k - 9967. Let p(c) = c**2 + 52. What is the remainder when p(0) is divided by k?
8
Let t = -109 - -297. What is the remainder when t is divided by 27?
26
Let t(j) = -j**3 - 9*j**2 - 4*j + 6. Let x = -102 + 93. What is the remainder when 81 is divided by t(x)?
39
Suppose -557*d + 552*d + 95 = 0. Calculate the remainder when 52 is divided by d.
14
Let f be (-2247)/(-14) - 2/(-4). Let t = f - 136. Calculate the remainder when t is divided by 13.
12
Let s(h) be the second derivative of h**4/12 - 9*h**3/2 - 5*h**2/2 + 35*h. Calculate the remainder when 39 is divided by s(28).
16
Suppose 0 = 46*b - 51*b - 165. Let n = b + 101. Calculate the remainder when n is divided by 14.
12
Let n be 23/(-8) - 4/32. Let t(o) = -2*o + 3. What is the remainder when 42 is divided by t(n)?
6
Let w(o) = -o**2 + 38*o - 24. Calculate the remainder when 166 is divided by w(37).
10
Let j = 100 + -59. What is the remainder when j is divided by (55/11 - 9)*44/(-16)?
8
Let n(y) = 26*y**2 + 26*y + 18. What is the remainder when n(-5) is divided by 60?
58
Let l = 31 - -2. Suppose -s + l = 2*p, 3*s + 2*s - 213 = 2*p. Calculate the remainder when 122 is divided by s.
40
Let u(v) = -v**3 + 3*v**2 - v + 28. Calculate the remainder when u(0) is divided by 6.
4
Let a be (-5)/(2/(-1) - -3). Let u(j) = -6*j + 7. Let c be u(a). Let x = -21 + c. What is the remainder when x is divided by 9?
7
Let k(o) = 2 - 6*o - 2*o**2 + 3*o**2 + o**3 + 3*o**2. Let x be k(-5). Suppose 6*j - x*j + 18 = 0. Calculate the remainder when 33 is divided by j.
15
Let i(r) = 5*r**3 - 4*r**2 + 12*r - 8. Let g be i(4). Calculate the remainder when 101 is divided by (-5)/((-100)/g) + (-4)/(-20).
11
Suppose -3*f - 2*h =